{"id":5161,"date":"2026-08-11T14:18:30","date_gmt":"2026-08-11T14:18:30","guid":{"rendered":"https:\/\/trendig.info\/?post_type=esemeny&#038;p=5161"},"modified":"2026-08-11T14:20:05","modified_gmt":"2026-08-11T14:20:05","slug":"mi-ujsag-es-kinek-van-igaza","status":"publish","type":"esemeny","link":"https:\/\/trendig.info\/hu\/esemenyek\/mi-ujsag-es-kinek-van-igaza\/","title":{"rendered":"Mi \u00fajs\u00e1g, \u00e9s kinek van igaza?"},"content":{"rendered":"<p>\u201eMesters\u00e9ges intelligencia \u2013 Mi \u00fajs\u00e1g, \u00e9s kinek van igaza?\u201d c\u00edmmel Dr. Thomas Schirgi r\u00e1mutatott arra, hogy nem l\u00e9tezik egyetlen mesters\u00e9ges intelligencia, hanem sz\u00e1mos k\u00fcl\u00f6nb\u00f6z\u0151 eszk\u00f6z \u00e9s technol\u00f3gia egy\u00fcttm\u0171k\u00f6d\u00e9se. Besz\u00e9lt\u00fcnk arr\u00f3l, hogy mi is rejlik val\u00f3j\u00e1ban a \u201eer\u0151s mesters\u00e9ges intelligencia\u201d kifejez\u00e9s m\u00f6g\u00f6tt, honnan sz\u00e1rmaznak azok az adatok, amelyeket nap mint nap haszn\u00e1lunk, \u00e9s mi t\u00f6rt\u00e9nik vel\u00fck. Az este egyik k\u00f6zponti gondolata az volt, hogy a mesters\u00e9ges intelligencia mindig csak az igazs\u00e1g egy r\u00e9sz\u00e9t t\u00fckr\u00f6zi \u2013 soha nem az eg\u00e9szet. Nagyon k\u00f6sz\u00f6nj\u00fck mindenkinek, aki r\u00e9szt vett az esem\u00e9nyen \u2013 a k\u00edv\u00e1ncsis\u00e1got, a k\u00e9rd\u00e9seket \u00e9s az inspir\u00e1l\u00f3 eszmecser\u00e9t!<\/p>\n<p>&nbsp;<\/p>\n<p><img loading=\"lazy\" decoding=\"async\" class=\"alignnone size-medium wp-image-5016\" src=\"https:\/\/trendig.info\/wp-content\/uploads\/2026\/06\/656467593_122180260100792784_2366623406041681190_n-300x225.jpg\" alt=\"\" width=\"300\" height=\"225\" srcset=\"https:\/\/trendig.info\/wp-content\/uploads\/2026\/06\/656467593_122180260100792784_2366623406041681190_n-300x225.jpg 300w, https:\/\/trendig.info\/wp-content\/uploads\/2026\/06\/656467593_122180260100792784_2366623406041681190_n-1024x768.jpg 1024w, https:\/\/trendig.info\/wp-content\/uploads\/2026\/06\/656467593_122180260100792784_2366623406041681190_n-768x576.jpg 768w, https:\/\/trendig.info\/wp-content\/uploads\/2026\/06\/656467593_122180260100792784_2366623406041681190_n-1536x1152.jpg 1536w, https:\/\/trendig.info\/wp-content\/uploads\/2026\/06\/656467593_122180260100792784_2366623406041681190_n.jpg 1600w\" sizes=\"auto, (max-width: 300px) 100vw, 300px\" \/> \u00a0<img loading=\"lazy\" decoding=\"async\" class=\"alignnone wp-image-5020\" src=\"https:\/\/trendig.info\/wp-content\/uploads\/2026\/06\/657711514_122180260154792784_4764989972404839320_n-225x300.jpg\" alt=\"\" width=\"190\" height=\"253\" srcset=\"https:\/\/trendig.info\/wp-content\/uploads\/2026\/06\/657711514_122180260154792784_4764989972404839320_n-225x300.jpg 225w, https:\/\/trendig.info\/wp-content\/uploads\/2026\/06\/657711514_122180260154792784_4764989972404839320_n-768x1024.jpg 768w, https:\/\/trendig.info\/wp-content\/uploads\/2026\/06\/657711514_122180260154792784_4764989972404839320_n-1152x1536.jpg 1152w, https:\/\/trendig.info\/wp-content\/uploads\/2026\/06\/657711514_122180260154792784_4764989972404839320_n.jpg 1200w\" sizes=\"auto, (max-width: 190px) 100vw, 190px\" \/><img loading=\"lazy\" decoding=\"async\" class=\"alignnone size-medium wp-image-5014\" src=\"https:\/\/trendig.info\/wp-content\/uploads\/2026\/06\/651835758_122178385124792784_7627475929162874959_n-1-300x169.jpg\" alt=\"\" width=\"300\" height=\"169\" srcset=\"https:\/\/trendig.info\/wp-content\/uploads\/2026\/06\/651835758_122178385124792784_7627475929162874959_n-1-300x169.jpg 300w, https:\/\/trendig.info\/wp-content\/uploads\/2026\/06\/651835758_122178385124792784_7627475929162874959_n-1-1024x576.jpg 1024w, https:\/\/trendig.info\/wp-content\/uploads\/2026\/06\/651835758_122178385124792784_7627475929162874959_n-1-768x432.jpg 768w, https:\/\/trendig.info\/wp-content\/uploads\/2026\/06\/651835758_122178385124792784_7627475929162874959_n-1-1536x864.jpg 1536w, https:\/\/trendig.info\/wp-content\/uploads\/2026\/06\/651835758_122178385124792784_7627475929162874959_n-1.jpg 1920w\" sizes=\"auto, (max-width: 300px) 100vw, 300px\" \/><\/p>\n","protected":false},"featured_media":5014,"template":"","class_list":["post-5161","esemeny","type-esemeny","status-publish","has-post-thumbnail","hentry"],"yoast_head":"<!-- This site is optimized with the Yoast SEO plugin v23.5 - https:\/\/yoast.com\/wordpress\/plugins\/seo\/ -->\n<title>Mi \u00fajs\u00e1g, \u00e9s kinek van igaza? - Trendig<\/title>\n<meta name=\"robots\" content=\"index, follow, max-snippet:-1, max-image-preview:large, max-video-preview:-1\" \/>\n<link rel=\"canonical\" href=\"https:\/\/trendig.info\/hu\/esemenyek\/mi-ujsag-es-kinek-van-igaza\/\" \/>\n<meta property=\"og:locale\" content=\"hu_HU\" \/>\n<meta property=\"og:type\" content=\"article\" \/>\n<meta property=\"og:title\" content=\"Mi \u00fajs\u00e1g, \u00e9s kinek van igaza? - Trendig\" \/>\n<meta property=\"og:description\" content=\"\u201eMesters\u00e9ges intelligencia \u2013 Mi \u00fajs\u00e1g, \u00e9s kinek van igaza?\u201d c\u00edmmel Dr. Thomas Schirgi r\u00e1mutatott arra, hogy nem l\u00e9tezik egyetlen mesters\u00e9ges intelligencia, hanem sz\u00e1mos k\u00fcl\u00f6nb\u00f6z\u0151 eszk\u00f6z \u00e9s technol\u00f3gia egy\u00fcttm\u0171k\u00f6d\u00e9se. Besz\u00e9lt\u00fcnk arr\u00f3l, hogy mi is rejlik val\u00f3j\u00e1ban a \u201eer\u0151s mesters\u00e9ges intelligencia\u201d kifejez\u00e9s m\u00f6g\u00f6tt, honnan sz\u00e1rmaznak azok az adatok, amelyeket nap mint nap haszn\u00e1lunk, \u00e9s mi t\u00f6rt\u00e9nik vel\u00fck. [&hellip;]\" \/>\n<meta property=\"og:url\" content=\"https:\/\/trendig.info\/hu\/esemenyek\/mi-ujsag-es-kinek-van-igaza\/\" \/>\n<meta property=\"og:site_name\" content=\"Trendig\" \/>\n<meta property=\"article:modified_time\" content=\"2026-08-11T14:20:05+00:00\" \/>\n<meta property=\"og:image\" content=\"https:\/\/trendig.info\/wp-content\/uploads\/2026\/06\/651835758_122178385124792784_7627475929162874959_n-1.jpg\" \/>\n\t<meta property=\"og:image:width\" content=\"1920\" \/>\n\t<meta property=\"og:image:height\" content=\"1080\" \/>\n\t<meta property=\"og:image:type\" content=\"image\/jpeg\" \/>\n<meta name=\"twitter:card\" content=\"summary_large_image\" \/>\n<meta name=\"twitter:label1\" content=\"Becs\u00fclt olvas\u00e1si id\u0151\" \/>\n\t<meta name=\"twitter:data1\" content=\"2 perc\" \/>\n<script type=\"application\/ld+json\" class=\"yoast-schema-graph\">{\"@context\":\"https:\/\/schema.org\",\"@graph\":[{\"@type\":\"WebPage\",\"@id\":\"https:\/\/trendig.info\/hu\/esemenyek\/mi-ujsag-es-kinek-van-igaza\/\",\"url\":\"https:\/\/trendig.info\/hu\/esemenyek\/mi-ujsag-es-kinek-van-igaza\/\",\"name\":\"Mi \u00fajs\u00e1g, \u00e9s kinek van igaza? - Trendig\",\"isPartOf\":{\"@id\":\"https:\/\/trendig.info\/de\/#website\"},\"primaryImageOfPage\":{\"@id\":\"https:\/\/trendig.info\/hu\/esemenyek\/mi-ujsag-es-kinek-van-igaza\/#primaryimage\"},\"image\":{\"@id\":\"https:\/\/trendig.info\/hu\/esemenyek\/mi-ujsag-es-kinek-van-igaza\/#primaryimage\"},\"thumbnailUrl\":\"https:\/\/trendig.info\/wp-content\/uploads\/2026\/06\/651835758_122178385124792784_7627475929162874959_n-1.jpg\",\"datePublished\":\"2026-08-11T14:18:30+00:00\",\"dateModified\":\"2026-08-11T14:20:05+00:00\",\"breadcrumb\":{\"@id\":\"https:\/\/trendig.info\/hu\/esemenyek\/mi-ujsag-es-kinek-van-igaza\/#breadcrumb\"},\"inLanguage\":\"hu\",\"potentialAction\":[{\"@type\":\"ReadAction\",\"target\":[\"https:\/\/trendig.info\/hu\/esemenyek\/mi-ujsag-es-kinek-van-igaza\/\"]}]},{\"@type\":\"ImageObject\",\"inLanguage\":\"hu\",\"@id\":\"https:\/\/trendig.info\/hu\/esemenyek\/mi-ujsag-es-kinek-van-igaza\/#primaryimage\",\"url\":\"https:\/\/trendig.info\/wp-content\/uploads\/2026\/06\/651835758_122178385124792784_7627475929162874959_n-1.jpg\",\"contentUrl\":\"https:\/\/trendig.info\/wp-content\/uploads\/2026\/06\/651835758_122178385124792784_7627475929162874959_n-1.jpg\",\"width\":1920,\"height\":1080},{\"@type\":\"BreadcrumbList\",\"@id\":\"https:\/\/trendig.info\/hu\/esemenyek\/mi-ujsag-es-kinek-van-igaza\/#breadcrumb\",\"itemListElement\":[{\"@type\":\"ListItem\",\"position\":1,\"name\":\"Kezd\u0151lap\",\"item\":\"https:\/\/trendig.info\/hu\/\"},{\"@type\":\"ListItem\",\"position\":2,\"name\":\"Events\",\"item\":\"https:\/\/trendig.info\/hu\/esemenyek\/\"},{\"@type\":\"ListItem\",\"position\":3,\"name\":\"Mi \u00fajs\u00e1g, \u00e9s kinek van igaza?\"}]},{\"@type\":\"WebSite\",\"@id\":\"https:\/\/trendig.info\/de\/#website\",\"url\":\"https:\/\/trendig.info\/de\/\",\"name\":\"Trendig\",\"description\":\"Just another WordPress site\",\"potentialAction\":[{\"@type\":\"SearchAction\",\"target\":{\"@type\":\"EntryPoint\",\"urlTemplate\":\"https:\/\/trendig.info\/de\/?s={search_term_string}\"},\"query-input\":{\"@type\":\"PropertyValueSpecification\",\"valueRequired\":true,\"valueName\":\"search_term_string\"}}],\"inLanguage\":\"hu\"}]}<\/script>\n<!-- \/ Yoast SEO plugin. -->","yoast_head_json":{"title":"Mi \u00fajs\u00e1g, \u00e9s kinek van igaza? - Trendig","robots":{"index":"index","follow":"follow","max-snippet":"max-snippet:-1","max-image-preview":"max-image-preview:large","max-video-preview":"max-video-preview:-1"},"canonical":"https:\/\/trendig.info\/hu\/esemenyek\/mi-ujsag-es-kinek-van-igaza\/","og_locale":"hu_HU","og_type":"article","og_title":"Mi \u00fajs\u00e1g, \u00e9s kinek van igaza? - Trendig","og_description":"\u201eMesters\u00e9ges intelligencia \u2013 Mi \u00fajs\u00e1g, \u00e9s kinek van igaza?\u201d c\u00edmmel Dr. Thomas Schirgi r\u00e1mutatott arra, hogy nem l\u00e9tezik egyetlen mesters\u00e9ges intelligencia, hanem sz\u00e1mos k\u00fcl\u00f6nb\u00f6z\u0151 eszk\u00f6z \u00e9s technol\u00f3gia egy\u00fcttm\u0171k\u00f6d\u00e9se. Besz\u00e9lt\u00fcnk arr\u00f3l, hogy mi is rejlik val\u00f3j\u00e1ban a \u201eer\u0151s mesters\u00e9ges intelligencia\u201d kifejez\u00e9s m\u00f6g\u00f6tt, honnan sz\u00e1rmaznak azok az adatok, amelyeket nap mint nap haszn\u00e1lunk, \u00e9s mi t\u00f6rt\u00e9nik vel\u00fck. [&hellip;]","og_url":"https:\/\/trendig.info\/hu\/esemenyek\/mi-ujsag-es-kinek-van-igaza\/","og_site_name":"Trendig","article_modified_time":"2026-08-11T14:20:05+00:00","og_image":[{"width":1920,"height":1080,"url":"https:\/\/trendig.info\/wp-content\/uploads\/2026\/06\/651835758_122178385124792784_7627475929162874959_n-1.jpg","type":"image\/jpeg"}],"twitter_card":"summary_large_image","twitter_misc":{"Becs\u00fclt olvas\u00e1si id\u0151":"2 perc"},"schema":{"@context":"https:\/\/schema.org","@graph":[{"@type":"WebPage","@id":"https:\/\/trendig.info\/hu\/esemenyek\/mi-ujsag-es-kinek-van-igaza\/","url":"https:\/\/trendig.info\/hu\/esemenyek\/mi-ujsag-es-kinek-van-igaza\/","name":"Mi \u00fajs\u00e1g, \u00e9s kinek van igaza? - Trendig","isPartOf":{"@id":"https:\/\/trendig.info\/de\/#website"},"primaryImageOfPage":{"@id":"https:\/\/trendig.info\/hu\/esemenyek\/mi-ujsag-es-kinek-van-igaza\/#primaryimage"},"image":{"@id":"https:\/\/trendig.info\/hu\/esemenyek\/mi-ujsag-es-kinek-van-igaza\/#primaryimage"},"thumbnailUrl":"https:\/\/trendig.info\/wp-content\/uploads\/2026\/06\/651835758_122178385124792784_7627475929162874959_n-1.jpg","datePublished":"2026-08-11T14:18:30+00:00","dateModified":"2026-08-11T14:20:05+00:00","breadcrumb":{"@id":"https:\/\/trendig.info\/hu\/esemenyek\/mi-ujsag-es-kinek-van-igaza\/#breadcrumb"},"inLanguage":"hu","potentialAction":[{"@type":"ReadAction","target":["https:\/\/trendig.info\/hu\/esemenyek\/mi-ujsag-es-kinek-van-igaza\/"]}]},{"@type":"ImageObject","inLanguage":"hu","@id":"https:\/\/trendig.info\/hu\/esemenyek\/mi-ujsag-es-kinek-van-igaza\/#primaryimage","url":"https:\/\/trendig.info\/wp-content\/uploads\/2026\/06\/651835758_122178385124792784_7627475929162874959_n-1.jpg","contentUrl":"https:\/\/trendig.info\/wp-content\/uploads\/2026\/06\/651835758_122178385124792784_7627475929162874959_n-1.jpg","width":1920,"height":1080},{"@type":"BreadcrumbList","@id":"https:\/\/trendig.info\/hu\/esemenyek\/mi-ujsag-es-kinek-van-igaza\/#breadcrumb","itemListElement":[{"@type":"ListItem","position":1,"name":"Kezd\u0151lap","item":"https:\/\/trendig.info\/hu\/"},{"@type":"ListItem","position":2,"name":"Events","item":"https:\/\/trendig.info\/hu\/esemenyek\/"},{"@type":"ListItem","position":3,"name":"Mi \u00fajs\u00e1g, \u00e9s kinek van igaza?"}]},{"@type":"WebSite","@id":"https:\/\/trendig.info\/de\/#website","url":"https:\/\/trendig.info\/de\/","name":"Trendig","description":"Just another WordPress site","potentialAction":[{"@type":"SearchAction","target":{"@type":"EntryPoint","urlTemplate":"https:\/\/trendig.info\/de\/?s={search_term_string}"},"query-input":{"@type":"PropertyValueSpecification","valueRequired":true,"valueName":"search_term_string"}}],"inLanguage":"hu"}]}},"_links":{"self":[{"href":"https:\/\/trendig.info\/hu\/wp-json\/wp\/v2\/esemeny\/5161","targetHints":{"allow":["GET"]}}],"collection":[{"href":"https:\/\/trendig.info\/hu\/wp-json\/wp\/v2\/esemeny"}],"about":[{"href":"https:\/\/trendig.info\/hu\/wp-json\/wp\/v2\/types\/esemeny"}],"wp:featuredmedia":[{"embeddable":true,"href":"https:\/\/trendig.info\/hu\/wp-json\/wp\/v2\/media\/5014"}],"wp:attachment":[{"href":"https:\/\/trendig.info\/hu\/wp-json\/wp\/v2\/media?parent=5161"}],"curies":[{"name":"wp","href":"https:\/\/api.w.org\/{rel}","templated":true}]}}

Mi újság, és kinek van igaza?

<p>„Mesterséges intelligencia – Mi újság, és kinek van igaza?” címmel Dr. Thomas Schirgi rámutatott arra, hogy nem létezik egyetlen mesterséges intelligencia, hanem számos különböző eszköz és technológia együttműködése. Beszéltünk arról, hogy mi is rejlik valójában a „erős mesterséges intelligencia” kifejezés mögött, honnan származnak azok az adatok, amelyeket nap mint nap használunk, és mi történik velük. Az este egyik központi gondolata az volt, hogy a mesterséges intelligencia mindig csak az igazság egy részét tükrözi – soha nem az egészet. Nagyon köszönjük mindenkinek, aki részt vett az eseményen – a kíváncsiságot, a kérdéseket és az inspiráló eszmecserét!</p>
<p>&nbsp;</p>
<p><img loading="lazy" decoding="async" class="alignnone size-medium wp-image-5016" src="https://trendig.info/wp-content/uploads/2026/06/656467593_122180260100792784_2366623406041681190_n-300x225.jpg" alt="" width="300" height="225" srcset="https://trendig.info/wp-content/uploads/2026/06/656467593_122180260100792784_2366623406041681190_n-300x225.jpg 300w, https://trendig.info/wp-content/uploads/2026/06/656467593_122180260100792784_2366623406041681190_n-1024x768.jpg 1024w, https://trendig.info/wp-content/uploads/2026/06/656467593_122180260100792784_2366623406041681190_n-768x576.jpg 768w, https://trendig.info/wp-content/uploads/2026/06/656467593_122180260100792784_2366623406041681190_n-1536x1152.jpg 1536w, https://trendig.info/wp-content/uploads/2026/06/656467593_122180260100792784_2366623406041681190_n.jpg 1600w" sizes="auto, (max-width: 300px) 100vw, 300px" />  <img loading="lazy" decoding="async" class="alignnone wp-image-5020" src="https://trendig.info/wp-content/uploads/2026/06/657711514_122180260154792784_4764989972404839320_n-225x300.jpg" alt="" width="190" height="253" srcset="https://trendig.info/wp-content/uploads/2026/06/657711514_122180260154792784_4764989972404839320_n-225x300.jpg 225w, https://trendig.info/wp-content/uploads/2026/06/657711514_122180260154792784_4764989972404839320_n-768x1024.jpg 768w, https://trendig.info/wp-content/uploads/2026/06/657711514_122180260154792784_4764989972404839320_n-1152x1536.jpg 1152w, https://trendig.info/wp-content/uploads/2026/06/657711514_122180260154792784_4764989972404839320_n.jpg 1200w" sizes="auto, (max-width: 190px) 100vw, 190px" /><img loading="lazy" decoding="async" class="alignnone size-medium wp-image-5014" src="https://trendig.info/wp-content/uploads/2026/06/651835758_122178385124792784_7627475929162874959_n-1-300x169.jpg" alt="" width="300" height="169" srcset="https://trendig.info/wp-content/uploads/2026/06/651835758_122178385124792784_7627475929162874959_n-1-300x169.jpg 300w, https://trendig.info/wp-content/uploads/2026/06/651835758_122178385124792784_7627475929162874959_n-1-1024x576.jpg 1024w, https://trendig.info/wp-content/uploads/2026/06/651835758_122178385124792784_7627475929162874959_n-1-768x432.jpg 768w, https://trendig.info/wp-content/uploads/2026/06/651835758_122178385124792784_7627475929162874959_n-1-1536x864.jpg 1536w, https://trendig.info/wp-content/uploads/2026/06/651835758_122178385124792784_7627475929162874959_n-1.jpg 1920w" sizes="auto, (max-width: 300px) 100vw, 300px" /></p>

<!-- This site is optimized with the Yoast SEO plugin v23.5 - https://yoast.com/wordpress/plugins/seo/ -->
<title>Mi újság, és kinek van igaza? - Trendig</title>
<meta name="robots" content="index, follow, max-snippet:-1, max-image-preview:large, max-video-preview:-1" />
<link rel="canonical" href="https://trendig.info/hu/esemenyek/mi-ujsag-es-kinek-van-igaza/" />
<meta property="og:locale" content="hu_HU" />
<meta property="og:type" content="article" />
<meta property="og:title" content="Mi újság, és kinek van igaza? - Trendig" />
<meta property="og:description" content="„Mesterséges intelligencia – Mi újság, és kinek van igaza?” címmel Dr. Thomas Schirgi rámutatott arra, hogy nem létezik egyetlen mesterséges intelligencia, hanem számos különböző eszköz és technológia együttműködése. Beszéltünk arról, hogy mi is rejlik valójában a „erős mesterséges intelligencia” kifejezés mögött, honnan származnak azok az adatok, amelyeket nap mint nap használunk, és mi történik velük. [&hellip;]" />
<meta property="og:url" content="https://trendig.info/hu/esemenyek/mi-ujsag-es-kinek-van-igaza/" />
<meta property="og:site_name" content="Trendig" />
<meta property="article:modified_time" content="2026-08-11T14:20:05+00:00" />
<meta property="og:image" content="https://trendig.info/wp-content/uploads/2026/06/651835758_122178385124792784_7627475929162874959_n-1.jpg" />
	<meta property="og:image:width" content="1920" />
	<meta property="og:image:height" content="1080" />
	<meta property="og:image:type" content="image/jpeg" />
<meta name="twitter:card" content="summary_large_image" />
<meta name="twitter:label1" content="Becsült olvasási idő" />
	<meta name="twitter:data1" content="2 perc" />
<script type="application/ld+json" class="yoast-schema-graph">{"@context":"https://schema.org","@graph":[{"@type":"WebPage","@id":"https://trendig.info/hu/esemenyek/mi-ujsag-es-kinek-van-igaza/","url":"https://trendig.info/hu/esemenyek/mi-ujsag-es-kinek-van-igaza/","name":"Mi újság, és kinek van igaza? - Trendig","isPartOf":{"@id":"https://trendig.info/de/#website"},"primaryImageOfPage":{"@id":"https://trendig.info/hu/esemenyek/mi-ujsag-es-kinek-van-igaza/#primaryimage"},"image":{"@id":"https://trendig.info/hu/esemenyek/mi-ujsag-es-kinek-van-igaza/#primaryimage"},"thumbnailUrl":"https://trendig.info/wp-content/uploads/2026/06/651835758_122178385124792784_7627475929162874959_n-1.jpg","datePublished":"2026-08-11T14:18:30+00:00","dateModified":"2026-08-11T14:20:05+00:00","breadcrumb":{"@id":"https://trendig.info/hu/esemenyek/mi-ujsag-es-kinek-van-igaza/#breadcrumb"},"inLanguage":"hu","potentialAction":[{"@type":"ReadAction","target":["https://trendig.info/hu/esemenyek/mi-ujsag-es-kinek-van-igaza/"]}]},{"@type":"ImageObject","inLanguage":"hu","@id":"https://trendig.info/hu/esemenyek/mi-ujsag-es-kinek-van-igaza/#primaryimage","url":"https://trendig.info/wp-content/uploads/2026/06/651835758_122178385124792784_7627475929162874959_n-1.jpg","contentUrl":"https://trendig.info/wp-content/uploads/2026/06/651835758_122178385124792784_7627475929162874959_n-1.jpg","width":1920,"height":1080},{"@type":"BreadcrumbList","@id":"https://trendig.info/hu/esemenyek/mi-ujsag-es-kinek-van-igaza/#breadcrumb","itemListElement":[{"@type":"ListItem","position":1,"name":"Kezdőlap","item":"https://trendig.info/hu/"},{"@type":"ListItem","position":2,"name":"Events","item":"https://trendig.info/hu/esemenyek/"},{"@type":"ListItem","position":3,"name":"Mi újság, és kinek van igaza?"}]},{"@type":"WebSite","@id":"https://trendig.info/de/#website","url":"https://trendig.info/de/","name":"Trendig","description":"Just another WordPress site","potentialAction":[{"@type":"SearchAction","target":{"@type":"EntryPoint","urlTemplate":"https://trendig.info/de/?s={search_term_string}"},"query-input":{"@type":"PropertyValueSpecification","valueRequired":true,"valueName":"search_term_string"}}],"inLanguage":"hu"}]}</script>
<!-- / Yoast SEO plugin. -->

Mi újság, és kinek van igaza? - Trendig

„Mesterséges intelligencia – Mi újság, és kinek van igaza?” címmel Dr. Thomas Schirgi rámutatott arra, hogy nem létezik egyetlen mesterséges intelligencia, hanem számos különböző eszköz és technológia együttműködése. Beszéltünk arról, hogy mi is rejlik valójában a „erős mesterséges intelligencia” kifejezés mögött, honnan származnak azok az adatok, amelyeket nap mint nap használunk, és mi történik velük. [&hellip;]

Kezdőlap
